{"id":7819,"date":"2024-12-22T16:08:55","date_gmt":"2024-12-22T16:08:55","guid":{"rendered":"https:\/\/immigration-montrealquebec.ca\/?page_id=7819"},"modified":"2025-12-06T12:29:18","modified_gmt":"2025-12-06T12:29:18","slug":"offres-demploi","status":"publish","type":"page","link":"https:\/\/imq-canada.ca\/index.php\/offres-demploi\/","title":{"rendered":"Offres d&#8217;emploi"},"content":{"rendered":"<h1 style=\"text-align: center;\"><span style=\"color: #ff0000;\"><em>OFFRE D\u2019EMPLOI<\/em><\/span><\/h1>\n<h4 style=\"text-align: center;\"><em>Rejoignez IMMIGRATION MONTREAL QU\u00c9BEC, un leader en employabilit\u00e9 !<\/em><\/h4>\n<p>&nbsp;<\/p>\n<h5><em><strong><span style=\"color: #99cc00;\">IMMIGRATION\u00a0 MONTREAL\u00a0 QU\u00c9BEC<\/span>\u00a0 <\/strong><\/em><em>est fi\u00e8re de se classer <strong>19\u1d49 parmi les meilleurs employeurs au Canada<\/strong>, toutes industries confondues, et <strong>1\u02b3\u1d49 dans la r\u00e9gion de Montr\u00e9al<\/strong>. Notre agence se distingue par un environnement de travail exceptionnel, des d\u00e9fis stimulants, une grande diversit\u00e9 de milieux professionnels, des salaires comp\u00e9titifs, et des programmes comme <strong>IMQVisa+<\/strong> favorisant la conciliation travail-vie personnelle.<\/em><\/h5>\n<h5><em><strong><span style=\"color: #99cc00;\">NOTRE MISSION<\/span><\/strong> \u00a0<\/em><em> \u00e0 travers\u00a0IMQ\u00a0 est de faciliter l&rsquo;int\u00e9gration professionnelle et acad\u00e9mique des individus au Canada, en offrant un large \u00e9ventail d&rsquo;opportunit\u00e9s. <span style=\"color: #ff0000;\">Nous intervenons dans plusieurs domaines pour permettre aux personnes de trouver des bourses d\u2019\u00e9tudes, des offres d\u2019emploi, des stages, des formations, ainsi que des conf\u00e9rences.<\/span> Gr\u00e2ce \u00e0 IMMIGRATION\u00a0 MONTREAL\u00a0 QU\u00c9BEC, nous mettons \u00e9galement \u00e0 disposition des opportunit\u00e9s de recherche et de r\u00e9seautage, facilitant ainsi l\u2019acc\u00e8s aux professionnels et experts du secteur.<\/em><\/h5>\n<h5><em>Nous fournissons aussi un soutien rigoureux aux \u00e9ducateurs pour les aider \u00e0 am\u00e9liorer leurs comp\u00e9tences, tout en offrant des possibilit\u00e9s d\u2019apprentissage professionnel vari\u00e9es. Nos partenaires, qui nous font confiance, contribuent \u00e0 enrichir nos services et permettent \u00e0 notre \u00e9quipe de continuer \u00e0 accompagner les candidats dans leurs projets d&rsquo;immigration et d&rsquo;installation au Qu\u00e9bec.<\/em><\/h5>\n<h5><em>Chaque \u00e9tape du parcours d&rsquo;immigration est importante, et pour nous, aider nos clients \u00e0 r\u00e9ussir est toujours un plaisir. Gr\u00e2ce \u00e0 IMMIGRATION\u00a0 MONTREAL\u00a0 QU\u00c9BEC, nous assurons un accompagnement personnalis\u00e9, d\u00e9di\u00e9 \u00e0 chaque individu, pour garantir leur r\u00e9ussite et leur int\u00e9gration dans le march\u00e9 du travail canadien.\u00a0\u00a0\u00a0<\/em><\/h5>\n<h5><strong><em><span style=\"color: #99cc00;\">POURQUOI REJOINDRE\u00a0 IMQVisa+ ? <\/span><\/em><\/strong><em>Pour aider les candidats qualifi\u00e9s \u00e0 immigrer et \u00e0 travailler au Canada, en particulier \u00e0 Montr\u00e9al, o\u00f9 il existe une forte demande de main-d&rsquo;\u0153uvre.\u00a0 <\/em><em>Les candidats admis b\u00e9n\u00e9ficient de l\u2019accompagnement et du soutien n\u00e9cessaires pour faciliter leur int\u00e9gration, avec des d\u00e9marches simplifi\u00e9es pour obtenir un visa de travail et un certificat d\u2019h\u00e9bergement.<\/em><\/h5>\n<h5><em>Cependant, il est important de souligner que pour \u00eatre admissible au programme,<span style=\"color: #000000;\"> des <strong>frais administratifs de 489 dollars<\/strong> sont exig\u00e9s.<\/span> Ces frais sont n\u00e9cessaires pour enregistrer votre dossier aupr\u00e8s des autorit\u00e9s canadiennes et valider votre inscription. <span style=\"color: #ff0000;\"><strong>Si un candidat ne dispose pas de cette somme de 489 dollars<\/strong>, il est fortement conseill\u00e9 de ne pas soumettre son dossier, car cette \u00e9tape est indispensable pour poursuivre le processus. Les frais garantissent un traitement s\u00e9rieux et \u00e9vitent des pertes de temps pour les candidats et l\u2019\u00e9quipe de gestion.<\/span><\/em><\/h5>\n<h5><strong><span style=\"color: #99cc00;\"><em>RECRUTEMENT DANS PLUSIEURS SECTEURS:\u00a0 <\/em><\/span><\/strong><em>En partenariat avec les Nations Unies et Citoyennet\u00e9 et Immigration Canada, nous recrutons 100 000 employ\u00e9s exp\u00e9riment\u00e9s dans divers domaines. Voici quelques exemples :<\/em><\/h5>\n<h4 style=\"text-align: center;\"><em>audit d\u2019entreprise,<\/em><em>contr\u00f4le de gestion, expertise comptable, gestion des ressources humaines, montage de projet marketing, chauffeur, communication, plomberie, technicien, droit des affaires, agent commercial. commerce international, agriculture, ouvrier industriel, livreur, agro-industrie et transformation des aliments, connaissance dans les normes de qualit\u00e9s, management de qualit\u00e9, transport et logistique, secr\u00e9tariat, secr\u00e9tariat bilingue, secr\u00e9tariat informatis\u00e9, op\u00e9rateur bancaire, magasinier, licences, intellectuelle, h\u00f4tellerie, restauration,ing\u00e9nierie, informatique, service publique, agronomie, relation publique, T\u00e9l\u00e9communication, V\u00eatement &amp; Mode, m\u00e9decin, g\u00e9om\u00e8tre topographe etc &#8230;<br \/>\n<\/em><\/h4>\n<article id=\"post-7378\" class=\"post-7378 page type-page status-publish hentry\">\n<h5 class=\"entry-content\"><span style=\"color: #99cc00;\"><em>A PROPOS DU PASSEPORT:\u00a0 <\/em><\/span><em>Si un candidat n&rsquo;a pas de passeport, <span style=\"color: #ff0000;\">il doit en informer imm\u00e9diatement son recruteur d&rsquo;<strong>IMQ,<\/strong>\u00a0 M. LUCAS JACQUES d\u00e8s la r\u00e9ception de son contrat de travail et du formulaire de demande de visa canadien. Cette notification permettra de d\u00e9clencher la proc\u00e9dure pour faire une demande de passeport international aupr\u00e8s du service de l&rsquo;immigration de son pays.<\/span> Cette \u00e9tape est essentielle pour garantir que tous les documents n\u00e9cessaires \u00e0 l&rsquo;immigration sont en ordre et conformes aux exigences des autorit\u00e9s canadiennes. <strong>Immigration Montr\u00e9al Qu\u00e9bec<\/strong> s\u2019assurera que le candidat obtienne son passeport dans les meilleurs d\u00e9lais afin de poursuivre le processus d&rsquo;immigration et de finaliser la demande de visa.<\/em><\/h5>\n<\/article>\n<article id=\"post-7378\" class=\"post-7378 page type-page status-publish hentry\"><\/article>\n<h5 class=\"entry-content\"><span style=\"color: #99cc00;\"><em>\u00a0TRANSPORT ET LOGISTIQUE: <\/em><\/span><em><strong>Tous les documents n\u00e9cessaires \u00e0 l\u2019immigration au Canada seront envoy\u00e9s \u00e0 chaque candidat admis dans leur pays respectif par une agence de transport<\/strong><\/em><em><strong>\u00a0.\u00a0 <\/strong><\/em><em><strong>Ces documents seront livr\u00e9s dans un d\u00e9lai respectant la prise de fonction d\u00e9finie par Immigration Montr\u00e9al Qu\u00e9bec. Le candidat recevra tous documents essentiels pour son voyage et son installation au Canada. La liste des documents a recevoir sont les suivantes :<\/strong> <\/em><\/h5>\n<p><span style=\"color: #000080;\"><strong><em>1. Votre carte de r\u00e9sidence.<\/em><\/strong><\/span><br \/>\n<span style=\"color: #000080;\"><strong><em>2. Votre permis de travail.<\/em><\/strong><\/span><br \/>\n<span style=\"color: #000080;\"><strong><em>3. Votre certificat d\u2019h\u00e9bergement.<\/em><\/strong><\/span><br \/>\n<span style=\"color: #000080;\"><strong><em>4. Votre assurance famille.<\/em><\/strong><\/span><br \/>\n<span style=\"color: #000080;\"><strong><em>5. Votre visa canadien.<\/em><\/strong><\/span><br \/>\n<span style=\"color: #000080;\"><strong><em>6. Votre Billet d\u2019avion.<\/em><\/strong><\/span><\/p>\n<h5 style=\"text-align: center;\"><em>Toutefois, il est important de rappeler qu&rsquo;\u00e0 partir du 1er octobre 2024, le d\u00e9partement de la finance d&rsquo;<strong>IMQVISA+<\/strong> ne couvrira plus les frais associ\u00e9s a la facture de la delivrance du permis de travail des candidats , et \u00e0 l&rsquo;envoi des documents de voyage par l&rsquo;agence <strong>GEX<\/strong>. Ces frais seront d\u00e9sormais \u00e0 la charge du candidat. Les candidats doivent prendre en compte ce changement dans leur planification et pr\u00e9voir les frais suppl\u00e9mentaires li\u00e9s \u00e0 l&rsquo;envoi des documents. <strong>Immigration Montr\u00e9al Qu\u00e9bec<\/strong> recommande aux candidats de r\u00e9gler ces frais avant de finaliser leur proc\u00e9dure, afin d\u2019assurer une transition sans retard dans leur processus d\u2019immigration.<\/em><\/h5>\n<p>&nbsp;<\/p>\n","protected":false},"excerpt":{"rendered":"<p>OFFRE D\u2019EMPLOI Rejoignez IMMIGRATION MONTREAL QU\u00c9BEC, un leader en employabilit\u00e9 ! &nbsp; IMMIGRATION\u00a0 MONTREAL\u00a0 QU\u00c9BEC\u00a0 est fi\u00e8re de se classer<\/p>\n","protected":false},"author":1,"featured_media":0,"parent":0,"menu_order":0,"comment_status":"closed","ping_status":"closed","template":"","meta":{"footnotes":""},"class_list":["post-7819","page","type-page","status-publish","hentry"],"_links":{"self":[{"href":"https:\/\/imq-canada.ca\/index.php\/wp-json\/wp\/v2\/pages\/7819","targetHints":{"allow":["GET"]}}],"collection":[{"href":"https:\/\/imq-canada.ca\/index.php\/wp-json\/wp\/v2\/pages"}],"about":[{"href":"https:\/\/imq-canada.ca\/index.php\/wp-json\/wp\/v2\/types\/page"}],"author":[{"embeddable":true,"href":"https:\/\/imq-canada.ca\/index.php\/wp-json\/wp\/v2\/users\/1"}],"replies":[{"embeddable":true,"href":"https:\/\/imq-canada.ca\/index.php\/wp-json\/wp\/v2\/comments?post=7819"}],"version-history":[{"count":25,"href":"https:\/\/imq-canada.ca\/index.php\/wp-json\/wp\/v2\/pages\/7819\/revisions"}],"predecessor-version":[{"id":7830,"href":"https:\/\/imq-canada.ca\/index.php\/wp-json\/wp\/v2\/pages\/7819\/revisions\/7830"}],"wp:attachment":[{"href":"https:\/\/imq-canada.ca\/index.php\/wp-json\/wp\/v2\/media?parent=7819"}],"curies":[{"name":"wp","href":"https:\/\/api.w.org\/{rel}","templated":true}]}}