{"id":7257,"date":"2023-10-28T03:26:11","date_gmt":"2023-10-28T03:26:11","guid":{"rendered":"https:\/\/immigration-montrealquebec.ca\/?page_id=7257"},"modified":"2025-12-06T12:26:15","modified_gmt":"2025-12-06T12:26:15","slug":"notre-conseil-dadministration","status":"publish","type":"page","link":"https:\/\/imq-canada.ca\/index.php\/notre-conseil-dadministration\/","title":{"rendered":"Notre conseil d&rsquo;administration"},"content":{"rendered":"<h1 style=\"text-align: center;\"><span style=\"color: #99cc00;\"><em><strong>Notre conseil d\u2019administration<\/strong><\/em><\/span><\/h1>\n<h5 style=\"text-align: center;\"><em><strong>Le Service d&rsquo;Immigration Montr\u00e9al Qu\u00e9bec (IMQ)<\/strong> est fier de pouvoir s&rsquo;appuyer sur l&rsquo;expertise et l&rsquo;engagement de ses <strong>quatre administrateurs et administratrices chevronn\u00e9s<\/strong>, issus de divers secteurs tels que les coop\u00e9ratives, les entreprises priv\u00e9es et les organisations d\u2019\u00e9conomie sociale. Leur exp\u00e9rience et leur d\u00e9vouement contribuent de mani\u00e8re significative \u00e0 l\u2019\u00e9volution et \u00e0 l&rsquo;int\u00e9gration r\u00e9ussie des immigrants au Canada. Chaque membre du conseil d\u2019administration met \u00e0 profit ses comp\u00e9tences pour soutenir activement la mission premi\u00e8re d&rsquo;IMQ : <strong>cr\u00e9er des opportunit\u00e9s d\u2019emploi adapt\u00e9es aux personnes ayant des limitations fonctionnelles<\/strong>, tout en favorisant leur int\u00e9gration sociale et professionnelle dans un cadre inclusif et structur\u00e9. Avec <span style=\"color: #99cc00;\"><strong>IMQVisa+<\/strong><\/span>, le processus de traitement, incluant le financement, prend g\u00e9n\u00e9ralement <span style=\"color: #ff0000;\"><strong>six semaines<\/strong><\/span>, avec une arriv\u00e9e pr\u00e9vue au Canada d\u00e8s la <span style=\"color: #ff0000;\"><strong>septi\u00e8me semaines<\/strong><\/span> suivant la finalisation du dossier. Toutefois, il est important de souligner que <strong>ces d\u00e9lais peuvent varier selon les situations individuelles<\/strong> et les exigences sp\u00e9cifiques des autorit\u00e9s comp\u00e9tentes. Pour profiter pleinement du financement offert par le programme, chaque candidat doit imp\u00e9rativement remplir deux conditions essentielles :<\/em><\/h5>\n<ol>\n<li><em><span style=\"color: #000080;\"><strong>Disposer d\u2019un passeport valide.<\/strong><\/span><\/em><\/li>\n<li><em><span style=\"color: #000080;\"><strong>Pr\u00e9voir un montant de 489 dollars pour couvrir les frais li\u00e9s au processus.<\/strong><\/span><\/em><\/li>\n<\/ol>\n<h5 style=\"text-align: left;\"><em>Une fois ces \u00e9tapes franchies et le <strong>contrat de travail IMQ-EMPLOI<\/strong> obtenu, le candidat peut anticiper son d\u00e9part vers le Canada et commencer son parcours d\u2019int\u00e9gration professionnelle et sociale. Cette phase marque le <strong>d\u00e9but d\u2019une nouvelle aventure<\/strong>, prometteuse tant sur le plan personnel que professionnel. Nous vous souhaitons <span style=\"color: #ff0000;\"><strong>bonne chance dans vos d\u00e9marches<\/strong><\/span>, et restons \u00e0 votre disposition pour vous accompagner tout au long de ce processus passionnant et structur\u00e9.\u00a0 <span style=\"color: #ff0000;\"><strong>Bienvenue dans l&rsquo;aventure IMQ !<\/strong><\/span><\/em><\/h5>\n<p>&nbsp;<\/p>\n<p style=\"text-align: justify;\"><img loading=\"lazy\" decoding=\"async\" class=\" wp-image-7276 alignleft\" src=\"https:\/\/immigration-montrealquebec.ca\/wp-content\/uploads\/2023\/10\/7-200x300.jpeg\" alt=\"\" width=\"198\" height=\"297\" srcset=\"https:\/\/imq-canada.ca\/wp-content\/uploads\/2023\/10\/7-200x300.jpeg 200w, https:\/\/imq-canada.ca\/wp-content\/uploads\/2023\/10\/7-533x800.jpeg 533w, https:\/\/imq-canada.ca\/wp-content\/uploads\/2023\/10\/7.jpeg 600w\" sizes=\"auto, (max-width: 198px) 100vw, 198px\" \/><\/p>\n<p>&nbsp;<\/p>\n<h5><em><strong>Mme Charlotte A. GAGNON<\/strong><\/em><br \/>\n<em><strong>Pr\u00e9sidente du IMQ<\/strong><\/em><br \/>\n<em>Auparavant maire de Dunkerque (Nord)<\/em><\/h5>\n<h5 style=\"text-align: justify;\"><em>Impliqu\u00e9e dans sa communaut\u00e9, Mme GAGNON est notamment la pr\u00e9sidente du conseil d&rsquo;administration de la Fondation H\u00f4tel-Dieu de L\u00e9vis et vice-pr\u00e9sidente du conseil d&rsquo;administration Mus\u00e9e de la civilisation. De plus, elle s&rsquo;implique \u00e9galement comme b\u00e9n\u00e9vole ou pr\u00e9sidente d&rsquo;honneur aupr\u00e8s d&rsquo;organismes de la r\u00e9gion comme la section Chaudi\u00e8re-Appalaches de la Soci\u00e9t\u00e9 canadienne de la scl\u00e9rose en plaques, la Fondation Jonction pour Elle, Diffusion culturelle et l&rsquo;\u00e9v\u00e9nement b\u00e9n\u00e9fice A la Table du Cardinal qui soutient plus de soixante-dix organismes communautaires.\u00a0 <\/em><em><span style=\"color: #000080;\"><strong>Son e-mail:<\/strong><\/span>\u00a0\u00a0<span style=\"color: #ff0000;\">imq-canada@imq-canada.ca <\/span><br \/>\n<\/em><\/h5>\n<p>&nbsp;<\/p>\n<p>&nbsp;<\/p>\n<p>&nbsp;<\/p>\n<p style=\"text-align: justify;\"><img loading=\"lazy\" decoding=\"async\" class=\"size-medium wp-image-7278 alignleft\" src=\"https:\/\/immigration-montrealquebec.ca\/wp-content\/uploads\/2023\/10\/TT-200x300.webp\" alt=\"\" width=\"200\" height=\"300\" srcset=\"https:\/\/imq-canada.ca\/wp-content\/uploads\/2023\/10\/TT-200x300.webp 200w, https:\/\/imq-canada.ca\/wp-content\/uploads\/2023\/10\/TT-533x800.webp 533w, https:\/\/imq-canada.ca\/wp-content\/uploads\/2023\/10\/TT.webp 600w\" sizes=\"auto, (max-width: 200px) 100vw, 200px\" \/><\/p>\n<p>&nbsp;<\/p>\n<h5><em><strong>M. Maxime Moisan<\/strong><\/em><br \/>\n<em><strong>Vice-pr\u00e9sident du IMQ<\/strong><\/em><br \/>\n<em>Auparavant d\u00e9put\u00e9 Renaissance des Bouches-du-Rh\u00f4ne.<\/em><\/h5>\n<h5 style=\"text-align: justify;\"><em>Avant son dipl\u00f4me de ma\u00eetrise en sciences appliqu\u00e9es \u00e0 l&rsquo;Universit\u00e9 de Guelph, M. Moisan a \u00e9t\u00e9 dipl\u00f4m\u00e9 en ing\u00e9nierie m\u00e9canique \u00e0 l&rsquo;Universit\u00e9 Laval. Avec comme champ d&rsquo;int\u00e9r\u00eat professionnel la gestion des mati\u00e8res r\u00e9siduelles, il est pr\u00e9sentement charg\u00e9 de projets, pour GBi, une firme de services d&rsquo;ing\u00e9nieries. Il s&rsquo;implique \u00e9galement dans diverses causes dont l&rsquo;organisme Jeunes Musiciens du Monde.<\/em><\/h5>\n<p>&nbsp;<\/p>\n<p>&nbsp;<\/p>\n<p>&nbsp;<\/p>\n<p>&nbsp;<\/p>\n<p><strong><em><img loading=\"lazy\" decoding=\"async\" class=\"size-medium wp-image-7283 alignleft\" src=\"https:\/\/immigration-montrealquebec.ca\/wp-content\/uploads\/2023\/10\/GEZ-214x300.jpeg\" alt=\"\" width=\"214\" height=\"300\" srcset=\"https:\/\/imq-canada.ca\/wp-content\/uploads\/2023\/10\/GEZ-214x300.jpeg 214w, https:\/\/imq-canada.ca\/wp-content\/uploads\/2023\/10\/GEZ-570x800.jpeg 570w, https:\/\/imq-canada.ca\/wp-content\/uploads\/2023\/10\/GEZ.jpeg 600w\" sizes=\"auto, (max-width: 214px) 100vw, 214px\" \/> \u00a0<\/em><\/strong><\/p>\n<h5><strong><em> M. Lucas Jacques<\/em><\/strong><br \/>\n<strong><em>Chef de l&rsquo;\u00e9quipe de recrutement.<\/em><\/strong><br \/>\n<strong><em>IMQ<\/em><\/strong><\/h5>\n<h5><em>M. LUCAS J. d\u00e9tient un baccalaur\u00e9at en administration des affaires, profil Finance. Conseiller en d\u00e9veloppement, il cumule une solide exp\u00e9rience de plus de 11 ans au sein du Mouvement Desjardins. Ses responsabilit\u00e9s lui ont permis de d\u00e9velopper une expertise en gestion du capital, en analyse-conseil et en gestion des risques. Pour profiter pleinement du financement du programme, apr\u00e8s que le candidat a son contrat de travail chez <strong>IMQ<\/strong>, il doit s\u2019assurer qu\u2019il dispose d\u2019un passeport valide, d\u2019un montant de $489. 00 pour couvrir les frais li\u00e9s au processus. Une fois ces 2 \u00e9tapes franchies, le\u00a0 candidat\u00a0 peut anticiper son arriv\u00e9e ici\u00a0 au Canada dans environ quatre semaines, marquant le d\u00e9but de sa nouvelle aventure. <strong><span style=\"color: #000080;\">Mon e-mail:<\/span><\/strong>\u00a0<span style=\"color: #ff0000;\">infos@imq-canada.ca<\/span><\/em><\/h5>\n<p>&nbsp;<\/p>\n<p>&nbsp;<\/p>\n<p>&nbsp;<\/p>\n<p><img loading=\"lazy\" decoding=\"async\" class=\" wp-image-7284 alignleft\" src=\"https:\/\/immigration-montrealquebec.ca\/wp-content\/uploads\/2023\/10\/4545G-400x267.webp\" alt=\"\" width=\"432\" height=\"289\" srcset=\"https:\/\/imq-canada.ca\/wp-content\/uploads\/2023\/10\/4545G-400x267.webp 400w, https:\/\/imq-canada.ca\/wp-content\/uploads\/2023\/10\/4545G.webp 600w\" sizes=\"auto, (max-width: 432px) 100vw, 432px\" \/><\/p>\n<h5 style=\"text-align: justify;\"><em><strong>Mme Armelle COTE.<\/strong><\/em><br \/>\n<em><strong>Chef de l&rsquo;\u00e9quipe de l\u2019information et de la documentation.<\/strong><\/em><br \/>\n<em><strong>IMQ<\/strong><\/em><\/h5>\n<h5 style=\"text-align: justify;\"><em>Titulaire d&rsquo;un CMA-MBA, sp\u00e9cialis\u00e9 en gestion de cadres en entreprise, Mme Armelle COTE\u00a0 <strong>\u00a0<\/strong> cumule pr\u00e8s de 4 ann\u00e9es d&rsquo;expertise dans le domaine de manufacturier. Par ailleurs, elle a travaill\u00e9 2 ans pour Cascades et plus de 2 ans chez Sanimax, deux chefs de file dans l&rsquo;industrie du recyclage ici au Qu\u00e9bec. L&rsquo;environnement lui tient \u00e0 c\u0153ur et c&rsquo;est pourquoi elle a rejoint le conseil d&rsquo;administration de <strong>IMQ<\/strong>. Chez nous, le processus de traitement avec le financement chez\u00a0 prends g\u00e9n\u00e9ralement 6 semaines, avec une arriv\u00e9e pr\u00e9vue au Canada au cours de la 7e semaines.<br \/>\n<\/em><\/h5>\n<p style=\"text-align: justify;\">\n","protected":false},"excerpt":{"rendered":"<p>Notre conseil d\u2019administration Le Service d&rsquo;Immigration Montr\u00e9al Qu\u00e9bec (IMQ) est fier de pouvoir s&rsquo;appuyer sur l&rsquo;expertise et l&rsquo;engagement de ses<\/p>\n","protected":false},"author":1,"featured_media":0,"parent":0,"menu_order":0,"comment_status":"closed","ping_status":"closed","template":"","meta":{"footnotes":""},"class_list":["post-7257","page","type-page","status-publish","hentry"],"_links":{"self":[{"href":"https:\/\/imq-canada.ca\/index.php\/wp-json\/wp\/v2\/pages\/7257","targetHints":{"allow":["GET"]}}],"collection":[{"href":"https:\/\/imq-canada.ca\/index.php\/wp-json\/wp\/v2\/pages"}],"about":[{"href":"https:\/\/imq-canada.ca\/index.php\/wp-json\/wp\/v2\/types\/page"}],"author":[{"embeddable":true,"href":"https:\/\/imq-canada.ca\/index.php\/wp-json\/wp\/v2\/users\/1"}],"replies":[{"embeddable":true,"href":"https:\/\/imq-canada.ca\/index.php\/wp-json\/wp\/v2\/comments?post=7257"}],"version-history":[{"count":36,"href":"https:\/\/imq-canada.ca\/index.php\/wp-json\/wp\/v2\/pages\/7257\/revisions"}],"predecessor-version":[{"id":8004,"href":"https:\/\/imq-canada.ca\/index.php\/wp-json\/wp\/v2\/pages\/7257\/revisions\/8004"}],"wp:attachment":[{"href":"https:\/\/imq-canada.ca\/index.php\/wp-json\/wp\/v2\/media?parent=7257"}],"curies":[{"name":"wp","href":"https:\/\/api.w.org\/{rel}","templated":true}]}}